e 1196?
False
Does 16 divide 1030?
False
Does 49 divide 8815?
False
Is 4 a factor of 624?
True
Does 57 divide 2964?
True
Does 5 divide 6796?
False
Is 380 a multiple of 20?
True
Is 43 a factor of 33820?
False
Does 22 divide 1991?
False
Is 6 a factor of 29348?
False
Is 9 a factor of 851?
False
Is 7 a factor of 5082?
True
Does 19 divide 3133?
False
Does 34 divide 7515?
False
Is 5 a factor of 814?
False
Is 8635 a multiple of 27?
False
Does 9 divide 1931?
False
Does 18 divide 2034?
True
Is 1190 a multiple of 85?
True
Is 1098 a multiple of 9?
True
Is 1640 a multiple of 5?
True
Does 14 divide 1975?
False
Is 72641 a multiple of 253?
False
Does 67 divide 1340?
True
Is 1015 a multiple of 12?
False
Is 101251 a multiple of 77?
False
Is 29 a factor of 2032?
False
Is 61 a factor of 22684?
False
Is 256 a factor of 90112?
True
Is 20 a factor of 17220?
True
Is 40798 a multiple of 42?
False
Is 23543 a multiple of 13?
True
Does 98 divide 11815?
False
Is 35 a factor of 2485?
True
Is 760 a multiple of 40?
True
Is 8 a factor of 3024?
True
Is 31 a factor of 930?
True
Is 2012 a multiple of 15?
False
Is 4 a factor of 920?
True
Is 6207 a multiple of 8?
False
Does 14 divide 5890?
False
Does 42 divide 34482?
True
Is 96 a multiple of 2?
True
Does 159 divide 102714?
True
Is 15 a factor of 1230?
True
Is 41 a factor of 17958?
True
Is 1937 a multiple of 21?
False
Is 24 a factor of 4848?
True
Does 5 divide 280?
True
Is 3864 a multiple of 23?
True
Is 328 a multiple of 82?
True
Is 9 a factor of 1159?
False
Is 2527 a multiple of 28?
False
Is 36325 a multiple of 215?
False
Is 63139 a multiple of 30?
False
Is 75 a factor of 8550?
True
Is 76 a factor of 11020?
True
Is 7372 a multiple of 76?
True
Does 52 divide 3380?
True
Does 39 divide 7117?
False
Is 11 a factor of 29?
False
Does 23 divide 8124?
False
Is 30 a multiple of 11?
False
Is 2 a factor of 2877?
False
Is 14 a factor of 13271?
False
Is 53998 a multiple of 19?
True
Is 4053 a multiple of 43?
False
Does 75 divide 7151?
False
Is 14 a factor of 442?
False
Is 12916 a multiple of 72?
False
Is 13 a factor of 55731?
True
Does 4 divide 3412?
True
Is 153 a factor of 28640?
False
Does 11 divide 330?
True
Does 26 divide 5226?
True
Does 16 divide 194?
False
Is 20 a factor of 1248?
False
Is 13 a factor of 7696?
True
Does 36 divide 662?
False
Does 11 divide 114?
False
Does 17 divide 2317?
False
Is 35 a factor of 542?
False
Does 30 divide 307?
False
Does 13 divide 20930?
True
Is 18149 a multiple of 68?
False
Is 2924 a multiple of 86?
True
Does 193 divide 16019?
True
Does 36 divide 40716?
True
Does 13 divide 2395?
False
Does 7 divide 6146?
True
Is 876 a multiple of 8?
False
Is 50 a factor of 16275?
False
Is 6 a factor of 67?
False
Is 17 a factor of 731?
True
Does 23 divide 1610?
True
Is 15131 a multiple of 68?
False
Is 18 a factor of 4917?
False
Is 11 a factor of 990?
True
Is 122 a multiple of 10?
False
Is 2637 a multiple of 12?
False
Is 123 a multiple of 41?
True
Is 9 a factor of 145?
False
Does 11 divide 1762?
False
Is 22 a factor of 2046?
True
Is 1652 a multiple of 14?
True
Is 62 a factor of 32419?
False
Does 10 divide 1639?
False
Does 198 divide 5544?
True
Does 10 divide 110?
True
Is 3920 a multiple of 16?
True
Is 221 a multiple of 13?
True
Is 18025 a multiple of 35?
True
Is 4764 a multiple of 6?
True
Does 5 divide 430?
True
Does 15 divide 5652?
False
Does 6 divide 861?
False
Does 7 divide 35?
True
Is 23 a factor of 307?
False
Does 51 divide 27121?
False
Is 14761 a multiple of 5?
False
Is 102 a factor of 1428?
True
Does 8 divide 2962?
False
Is 69 even?
False
Is 112 a factor of 19824?
True
Is 12 a factor of 2056?
False
Is 14 a factor of 1108?
False
Does 13 divide 182?
True
Is 15 a factor of 174030?
True
Is 75 a factor of 2850?
True
Does 21 divide 4413?
False
Is 20 a factor of 8426?
False
Does 5 divide 16605?
True
Is 2260 even?
True
Is 396 a multiple of 24?
False
Is 5691 a multiple of 3?
True
Is 19 a factor of 2850?
True
Is 98 a factor of 13622?
True
Does 3 divide 3717?
True
Is 426 a multiple of 11?
False
Is 387 a multiple of 15?
False
Does 18 divide 7270?
False
Does 12 divide 2052?
True
Is 25 a factor of 475?
True
Is 7585 a multiple of 45?
False
Is 15 a factor of 3041?
False
Is 4 a factor of 5524?
True
Does 15 divide 5247?
False
Does 95 divide 7030?
True
Does 22 divide 462?
True
Is 9052 a multiple of 6?
False
Is 4 a factor of 1446?
False
Is 192 a multiple of 6?
True
Is 3000 a multiple of 8?
True
Does 9 divide 143?
False
Is 21 a factor of 1932?
True
Does 19 divide 244?
False
Does 29 divide 5858?
True
Is 221 a factor of 92314?
False
Is 2565 a multiple of 24?
False
Is 90 a multiple of 6?
True
Is 950 a multiple of 38?
True
Is 11 a factor of 5533?
True
Is 58 a factor of 17200?
False
Does 86 divide 9030?
True
Is 159 a multiple of 5?
False
Does 13 divide 7280?
True
Is 68 a factor of 4896?
True
Is 14 a factor of 6416?
False
Is 1197 a multiple of 19?
True
Does 17 divide 189?
False
Is 3 a factor of 1550?
False
Does 76 divide 14896?
True
Does 32 divide 768?
True
Is 29 a factor of 1988?
False
Is 14 a factor of 1323?
False
Does 48 divide 707?
False
Is 5040 a multiple of 15?
True
Is 76 a factor of 40888?
True
Does 19 divide 12958?
True
Is 35 a factor of 576?
False
Is 72522 a multiple of 79?
True
Does 51 divide 35630?
False
Is 69 a multiple of 3?
True
Is 262 a multiple of 19?
False
Is 50 a factor of 2128?
False
Is 35 a factor of 1062?
False
Is 8 a factor of 1555?
False
Does 4 divide 17718?
False
Is 20 a factor of 2260?
True
Does 65 divide 650?
True
Is 1934 a multiple of 13?
False
Does 5 divide 302?
False
Is 14879 a multiple of 10?
False
Does 14 divide 1597?
False
Is 50 a factor of 1250?
True
Is 34738 a multiple of 255?
False
Does 12 divide 1423?
False
Is 14 a factor of 210?
True
Is 12 a factor of 156?
True
Is 3353 a multiple of 7?
True
Does 4 divide 5376?
True
Is 385 a multiple of 48?
False
Is 48 a factor of 3216?
True
Does 15 divide 60045?
True
Is 3003 a multiple of 13?
True
Is 36 a factor of 5989?
False
Is 47 a factor of 8272?
True
Is 2917 a multiple of 27?
False
Is 126 a factor of 5544?
True
Is 1692 a multiple of 36?
True
Does 5 divide 641?
False
Is 4704 a multiple of 32?
True
Is 212 a multiple of 19?
False
Is 32 a factor of 9290?
False
Does 8 divide 500?
False
Is 23 a factor of 1183?
False
Is 50305 a multiple of 12?
False
Is 16 a factor of 960?
True
Is 24 a factor of 4440?
True
Is 430 a multiple of 13?
False
Is 15201 a multiple of 79?
False
Is 765 a multiple of 5?
True
Is 4 a factor of 64?
True
Does 11 divide 31166?
False
Is 52 a factor of 520?
True
Is 9 a factor of 324?
True
Is 20 a factor of 6900?
True
Does 305 divide 82278?
False
Is 3864 a multiple of 4?
True
Does 139 divide 2167?
False
Is 596 a multiple of 4?
True
Does 2 divide 395?
False
Does 137 divide 7535?
True
Is 2416 a multiple of 43?
False
Is 1680 a multiple of 67?
False
Is 10 a factor of 7189?
False
Is 22320 a multiple of 279?
True
Is 55304 a multiple of 9?
False
Is 20481 a multiple of 183?
False
Is 30000 a multiple of 120?
True
Is 5250 a multiple of 25?
True
Is 2692 a multiple of 4?
True
Does 40 divide 2190?
False
Does 13 divide 11490?
False
Is 11 a factor of 19569?
True
Is 843 a multiple of 15?
False
Does 12 divide 300?
True
Does 19 divide 10317?
True
Does 14 divide 1353?
False
Is 7800 a multiple of 5?
True
Is 1409 a multiple of 18?
False
Is 52 a factor of 104?
True
Is 23111 a multiple of 217?
False
Does 3 divide 1818?
True
Is 3603 a multiple of 19?
False
Is 67 a factor of 6841?
False
Is 28 a factor of 92?
False
Is 26565 a multiple of 445?
False
Is 477 a multiple of 53?
True
Does 25 divide 721?
False
Is 19 a factor of 266?
True
Does 3 divide 298?
False
Does 92 divide 968?
False
Is 1596 a multiple of 28?
True
Is 2 a factor of 1064?
True
Is 1260 a multiple of 20?
True
Is 10 a factor of 1380?
True
Does 32 divide 1778?
False
Does 103 divide 21152?
False
Is 1265 a multiple of 8?
False
Is 5008 a multiple of 16?
True
Is 21 a factor of 3129?
True
Does 8 divide 4860?
False
Does 51 divide 836?
False
Is 2298 a multiple of 2?
True
Is 12 a factor of 128780?
False
Does 73 divide 1387?
True
Is 30 a factor of 195?
False
Is 3 a factor of 1711?
False
Is 6204 a multiple of 29?
False
Is 13 a factor of 455?
True
Is 11 a factor of 264?
True
Is 45424 a multiple of 34?
True
Is 1846 a multiple of 26?
True
I